ue
Is 81181 composite?
False
Is 3043 composite?
True
Is 5326 a composite number?
True
Is 136273 a prime number?
True
Is 117057 a composite number?
True
Is 781 prime?
False
Is 113891 a prime number?
True
Is 8726 a composite number?
True
Is 37799 prime?
True
Is 41117 a prime number?
True
Is 87977 a composite number?
False
Is 16973 a composite number?
True
Is 16183 composite?
False
Is 602593 a prime number?
True
Is 308683 composite?
True
Is 38697 composite?
True
Is 625271 a prime number?
False
Is 5639 a composite number?
False
Is 199 a prime number?
True
Is 1932611 prime?
False
Is 5387 a composite number?
False
Is 2563 a composite number?
True
Is 1646111 a prime number?
True
Is 3806551 a composite number?
True
Is 1654 a composite number?
True
Is 668123 prime?
False
Is 48913 composite?
True
Is 4742 composite?
True
Is 1639663 a prime number?
True
Is 42151 composite?
True
Is 17257 prime?
True
Is 289417 a composite number?
False
Is 74831 composite?
False
Is 28103 prime?
False
Is 413761 a prime number?
False
Is 99887 composite?
True
Is 728507 prime?
False
Is 887947 prime?
True
Is 16099 a composite number?
True
Is 26093 prime?
False
Is 7609 composite?
True
Is 7817 a composite number?
False
Is 6271 composite?
False
Is 18269 a composite number?
False
Is 57497 a prime number?
False
Is 105107 a composite number?
False
Is 42887 prime?
False
Is 22757 prime?
False
Is 49919 a prime number?
True
Is 117573 composite?
True
Is 332317 a prime number?
True
Is 40143 a composite number?
True
Is 132478 composite?
True
Is 319 a prime number?
False
Is 39307 composite?
True
Is 188339 composite?
True
Is 471287 composite?
True
Is 6043 composite?
False
Is 15627 a composite number?
True
Is 43203 a composite number?
True
Is 12689 prime?
True
Is 33958 prime?
False
Is 30341 a composite number?
False
Is 4445786 prime?
False
Is 130447 a composite number?
False
Is 33739 composite?
False
Is 3979 composite?
True
Is 153689 composite?
False
Is 133901 a composite number?
True
Is 17269 a composite number?
True
Is 4135 a composite number?
True
Is 223087 prime?
True
Is 27949 prime?
False
Is 23614 a composite number?
True
Is 117677 a prime number?
False
Is 190319 prime?
False
Is 1949 a composite number?
False
Is 2927 a prime number?
True
Is 787 a prime number?
True
Is 39157 composite?
False
Is 120337 a composite number?
True
Is 2203 composite?
False
Is 59957 a composite number?
False
Is 461437 composite?
False
Is 230249 a prime number?
False
Is 2524259 composite?
False
Is 14461 a composite number?
False
Is 62617 a prime number?
True
Is 1073 a prime number?
False
Is 32117 a prime number?
True
Is 502409 a composite number?
False
Is 1434701 a composite number?
True
Is 31173 composite?
True
Is 3813751 a composite number?
False
Is 78297 a prime number?
False
Is 22853 a composite number?
False
Is 73327 a prime number?
True
Is 41917 prime?
False
Is 7944181 a prime number?
False
Is 59758 composite?
True
Is 1007 prime?
False
Is 170741 prime?
True
Is 28507 prime?
False
Is 385771 composite?
False
Is 98317 a composite number?
False
Is 8419 a prime number?
True
Is 284857 composite?
False
Is 319593 composite?
True
Is 20369 a prime number?
True
Is 114389 a composite number?
True
Is 513451 composite?
True
Is 985903 composite?
False
Is 27329 composite?
False
Is 23417 prime?
True
Is 448451 composite?
False
Is 3593 a composite number?
False
Is 182789 prime?
True
Is 7093 prime?
False
Is 4711 a composite number?
True
Is 83021 composite?
True
Is 607517 a prime number?
True
Is 4739 composite?
True
Is 161 a prime number?
False
Is 4861 prime?
True
Is 301517 a composite number?
True
Is 180305 a composite number?
True
Is 64997 a prime number?
True
Is 6731 prime?
False
Is 477209 prime?
True
Is 4176391 a composite number?
False
Is 6042041 a composite number?
False
Is 7217 composite?
True
Is 932431 a prime number?
True
Is 696289 composite?
True
Is 9661 a prime number?
True
Is 10159 composite?
False
Is 224819 prime?
False
Is 34691 a composite number?
True
Is 526523 composite?
True
Is 76907 a composite number?
False
Is 477439 a prime number?
True
Is 47739 composite?
True
Is 253087 prime?
False
Is 7694 prime?
False
Is 40133 prime?
False
Is 21781 a prime number?
False
Is 131353 a prime number?
False
Is 4897 prime?
False
Is 3749 a composite number?
True
Is 14759 a prime number?
True
Is 7507 prime?
True
Is 323369 composite?
False
Is 449287 a composite number?
False
Is 28319 prime?
True
Is 180617 prime?
True
Is 30106 prime?
False
Is 22877 a composite number?
False
Is 25649 prime?
False
Is 318377 a composite number?
False
Is 6127 prime?
False
Is 25691 a prime number?
False
Is 361069 composite?
False
Is 172721 a composite number?
False
Is 65597 composite?
True
Is 27457 a composite number?
False
Is 37769 a prime number?
False
Is 439781 a composite number?
False
Is 27017 composite?
False
Is 4171 composite?
True
Is 276229 a composite number?
False
Is 66449 prime?
True
Is 32722 composite?
True
Is 319109 composite?
True
Is 26041 a composite number?
False
Is 676321 a prime number?
False
Is 19531 prime?
True
Is 12938 a prime number?
False
Is 8201 a composite number?
True
Is 10973 composite?
False
Is 6686 a prime number?
False
Is 5911 a prime number?
False
Is 8511 a composite number?
True
Is 1265639 a prime number?
True
Is 31162 composite?
True
Is 333419 a composite number?
False
Is 57569 a prime number?
False
Is 461119 prime?
True
Is 15781 prime?
False
Is 39293 a composite number?
False
Is 94613 a composite number?
False
Is 111361 a prime number?
False
Is 135587 a prime number?
False
Is 37159 composite?
False
Is 598999 a prime number?
True
Is 1637 a composite number?
False
Is 143435 a prime number?
False
Is 783499 a composite number?
True
Is 732757 composite?
True
Is 762041 prime?
False
Is 60859 prime?
True
Is 646187 a composite number?
True
Is 98369 prime?
True
Is 946511 prime?
True
Is 165809 a composite number?
True
Is 4663 a composite number?
False
Is 2404613 a prime number?
True
Is 6073 prime?
True
Is 120229 composite?
True
Is 101737 a prime number?
True
Is 1868063 composite?
False
Is 13597 a composite number?
False
Is 328499 prime?
False
Is 46369 prime?
False
Is 430117 composite?
True
Is 27053 composite?
True
Is 820577 a composite number?
False
Is 17903 prime?
True
Is 1431713 a prime number?
True
Is 44939 a composite number?
False
Is 419383 prime?
True
Is 27179 prime?
True
Is 203071 prime?
False
Is 44071 prime?
True
Is 28327 composite?
True
Is 394787 composite?
False
Is 1361 prime?
True
Is 36401 a prime number?
False
Is 7561 a prime number?
True
Is 789027 composite?
True
Is 159785 a composite number?
True
Is 150481 composite?
True
Is 640279 a composite number?
False
Is 6941 a composite number?
True
Is 41279 a prime number?
False
Is 40219 a composite number?
True
Is 59197 prime?
True
Is 38501 composite?
False
Is 16127 composite?
False
Is 5669 composite?
False
Is 35833 composite?
True
Is 26867 a composite number?
True
Is 271699 composite?
True
Is 634223 composite?
False
Is 50023 composite?
False
Is 298513 composite?
False
Is 5855 a prime number?
False
Is 137617 composite?
True
Is 174745 a composite number?
True
Is 59173 a composite number?
True
Is 3163 composite?
False
Is 1899001 composite?
True
Is 470315 a prime number?
False
Is 25229 prime?
True
Is 236051 a composite number?
True
Is 301 a prime number?
False
Is 22373 composite?
True
Is 56003 prime?
True
Is 27479 a composite number?
False
Is 90733 a composite number?
True
Is 23605 prime?
False
Is 79039 prime?
True
Is 20633 a composite number?
True
Is 19031 a composite number?
False
Is 10195 a composite number?
True
Is 22511 a composite number?
False
Is 8197 a composite number?
True
Is 429119 prime?
True
Is 636133 a prime number?
True
Is 1907 composite?
False
Is 53255 composite?
True
Is 135929 composite?
False
Is 127802 a prime number?
False
Is 109469 prime?
True
Is 95143 a prime number?
True
Is 882341 composite?
True
Is 33739 a composite number?
False
Is 118067 composite?
True
Is 219839 a composite number?
False
Is 5273 a composite number?
False
Is 2129 prime?
True
Is 84913 composite?
False
Is 34123 prime?
True
Is 2579 a composite number?
False
Is 54193 prime?
True
Is 126389 composite?
True
Is 32327 a composite number?
False
Is 116519 a prime number?
False
Is 48799 a composite